-2*v = -10. Suppose 7*z - u = 11. What are the prime factors of z?
2, 3
Let n(r) = -27*r - 1. Let s be n(4). Let j = -56 - s. What are the prime factors of j?
53
List the prime factors of -25 + 23 - (-1309 - 0).
1307
Suppose 4*p - 5 = -41. What are the prime factors of 135/(-6)*30/p?
3, 5
Let j = 1301 + -695. List the prime factors of j.
2, 3, 101
Let p be 4/(-8)*8 + 264. Let u = p + -185. What are the prime factors of u?
3, 5
Suppose -h - 3*g = 3 + 20, 0 = 4*h - 5*g + 75. Suppose -2*n - 96 = 4*j + 104, 4*n = -4*j - 204. Let q = h - j. What are the prime factors of q?
29
Let k = -9 - -21. Let q be 38/k - 1/6. What are the prime factors of (0 - q - 29)/(-1)?
2
Let h be (296 - -1 - 3) + -3. Let r = h - 177. Suppose -r = 5*u + z - 316, 4*u - z = 158. List the prime factors of u.
2, 5
Suppose 0 = -3*l + 2*i - 10, 0 = -l - l + 2*i - 10. Suppose l = -3*h - 13 + 97. List the prime factors of h.
2, 7
Suppose 2*f - 3*w = 1, -5*f - 2*w - 4 - 3 = 0. List the prime factors of 53/(3 - (-2)/f).
53
Suppose -5*o + 4*x + 73 + 80 = 0, 0 = 5*x - 15. Let r = -16 + o. Suppose 51 = 4*c - r. List the prime factors of c.
17
Let p be 23996/68 + (-6)/(-51). Suppose -5*i = -982 - p. List the prime factors of i.
3, 89
Suppose -8*w + 13*w = 5. Let b be (w - -3)*(-3)/(-3). Suppose r - 45 = 4*z, -5*z = r + b*r - 175. What are the prime factors of r?
37
Let m(p) be the second derivative of 10*p**3/3 + 5*p**2 + 21*p. What are the prime factors of m(5)?
2, 5, 11
Let m(w) = w**2 - 5*w - 9. Let g(h) be the third derivative of h**4/8 + h**3/3 - 5*h**2. Let x be g(-2). List the prime factors of m(x).
3
Suppose -5*q - v + 99 = 0, 5*v = -0*v - 5. Suppose -q = -3*h - 2*h. Suppose 4*y = d - 88, -5*y + 272 = h*d - y. List the prime factors of d.
2, 3
Suppose 5*k = 17*k - 780. What are the prime factors of k?
5, 13
Suppose 0 = 5*r + 4*r - 2511. What are the prime factors of r?
3, 31
Suppose -5*s - 5*a + 205 = 0, 2*a = -s + 2*s - 44. List the prime factors of s.
2, 3, 7
Suppose 102*j = 108*j - 4038. List the prime factors of j.
673
Let y(u) = u**2 + 8*u - 9. Suppose -12 = n + 1. What are the prime factors of y(n)?
2, 7
Suppose 2*j = -12*d + 11*d + 4829, 3*j = -d + 4827. List the prime factors of d.
3, 179
Let q(a) = 3*a - 1. Let p be q(1). Suppose 5*l + 17 = -p*s, 4*l - 12 + 48 = 4*s. List the prime factors of 189/12 - 3/s.
3, 5
Suppose -429 = 6*o - 16875. What are the prime factors of o?
2741
Let m = 13 + -8. Suppose 0 = 4*f + 4*g + 10 - 34, -2*g = -m*f + 9. Suppose 0 = -u + 24 + f. List the prime factors of u.
3
Let d(u) = u**2 + 22*u - 16. List the prime factors of d(12).
2, 7
Let m be 9 - -4*3/(-3). Suppose -m*b - 59 = -0*o - o, -o = -2*b - 62. What are the prime factors of o?
2
Let b(s) = -2*s + 17. Let q be b(7). Let y(z) = 7*z**3 - 5*z**2 + 2*z + 1. List the prime factors of y(q).
151
What are the prime factors of 3/(75/8990) - 10/(-25)?
2, 3, 5
Let y = -336 + 668. What are the prime factors of y?
2, 83
Let y(q) = 124*q**3. Let x be ((-4)/(-6))/(2/3). Let j be y(x). Suppose 2*n = -4*s + 98, -n = 5*s + 2*n - j. List the prime factors of s.
23
Suppose 0 = -216*g + 201*g + 78495. What are the prime factors of g?
5233
Suppose 44*d - 460 = 147996. List the prime factors of d.
2, 7, 241
List the prime factors of 212/(-6)*(-363)/22.
11, 53
Let x(o) = o**3 - 8*o**2 + 2*o + 5. Let k be x(4). Let g = 93 + k. Let w = 67 - g. List the prime factors of w.
5
Let a(x) = x**2 + 7*x + 4. Let k be 589/(-95) + (-1)/(-5). Let z be a(k). Let o(y) = -4*y + 6. What are the prime factors of o(z)?
2, 7
Suppose 0 = -25*f + 26*f - g - 2000, f = 5*g + 2012. What are the prime factors of f?
1997
Suppose 3 = -2*a - 7, 5*q + 2*a = 445. List the prime factors of q.
7, 13
List the prime factors of 5 - -2*(1 + 122).
251
Let g be 680/26 - 10/65. Let j = g + 28. List the prime factors of j.
2, 3
List the prime factors of ((-6)/18)/((-3)/6327).
19, 37
Let y = 130 - 52. List the prime factors of (-21)/2*y/(-9).
7, 13
Let a be (4/2)/(-2) - -3. Let m be a - 0 - (-1 - -2). What are the prime factors of m - (0 + (-116)/4)?
2, 3, 5
Suppose 4*l - 3*d + 149 = 1695, -2*l - d + 778 = 0. List the prime factors of l.
2, 97
Suppose -2*c + 1215 = -3*z - 1276, 5*c = -3*z + 6259. Suppose 4*u + u = c. What are the prime factors of u?
2, 5
Let j be (-2)/(-2 - 144/(-76)). Suppose -14*s = -j*s + 20. Suppose -29 - 107 = -s*c. What are the prime factors of c?
2, 17
Let f(j) = 65*j**2 - 8*j - 4. List the prime factors of f(-7).
3, 13, 83
Suppose 25 = -6*q + 1. Let h(m) = -3*m + 9. List the prime factors of h(q).
3, 7
Suppose -r = r + 2*a - 16, 3*r - 2*a - 24 = 0. Suppose -r*o = -3*o - 150. What are the prime factors of o/(-4)*10/(-5)?
3, 5
Suppose -s - 1880 = -5*s. Let q = s - 332. List the prime factors of q.
2, 3, 23
Let s = 56 + 267. What are the prime factors of s?
17, 19
Let w = 4 + 1. Suppose 0 = -5*f + 2*g + w + 23, -5*g = -5*f + 40. Suppose 6*n - 26 = 5*n - m, 140 = f*n - 5*m. List the prime factors of n.
2, 3, 5
Let u = 5 - 40. Let a = 62 + u. List the prime factors of a.
3
Let j = 16300 + -10791. What are the prime factors of j?
7, 787
Suppose 3382 = 4*c + 5*t, -17*c + 16*c - 4*t + 840 = 0. List the prime factors of c.
2, 53
Let u(w) = 0*w**3 - 3*w**2 + 128*w + w**3 + 7*w**2 - 4 - 132*w. Let d(c) = c**3 - 3*c - 2. Let v be d(-2). List the prime factors of u(v).
2, 3
Let w(y) = -y**3 + 21*y**2 - 20*y + 28. Suppose -2*c + 5*a = -65, -2*a - 92 = -4*c - 2. What are the prime factors of w(c)?
2, 7
What are the prime factors of 40/(-120)*(-4911)/1?
1637
Suppose 0 = -88*y + 91*y + 171. What are the prime factors of (-6)/9*y*8?
2, 19
Suppose 1440 = 5*j - 2*w, -3*j + 0*j - 5*w + 833 = 0. Suppose -5*a + j = -3*a. List the prime factors of a/5 - 14/(-35).
29
Let h = -148 + 882. List the prime factors of h.
2, 367
Let x(k) = k + 9. Let t(n) = n. Let q(r) = 4*t(r) + x(r). Suppose -7 = -2*g + 7. List the prime factors of q(g).
2, 11
Let l = 479 + -255. List the prime factors of l.
2, 7
Suppose 0 = 21*v - 22*v + 5*g + 1217, 5*g = -20. List the prime factors of v.
3, 7, 19
Suppose 0 = -45*w + 70*w - 128200. What are the prime factors of w?
2, 641
Let f(i) = i**2 - i + 1. Let q(h) = -h**3 - 15*h**2 + 5*h + 12. Let z(m) = 5*f(m) + q(m). List the prime factors of z(-10).
17
Suppose -4*g - 4*f - 611 = 1149, 0 = 5*g - 3*f + 2216. Let c = -260 - g. What are the prime factors of c?
2, 7, 13
Let d(l) = l**2 - 30 + 13 + 13 - 3*l. Let q be d(5). What are the prime factors of ((-26)/4)/((-1)/q)?
3, 13
Let g(z) = 0 + z**2 - 6 - 4*z - 55 - 10*z. What are the prime factors of g(22)?
5, 23
Let i = 26 - 4. Let p(c) = c**3 + 7*c**2 + 6*c + 4. Let o be p(-6). Suppose 4*v + 5*q - 91 = 0, -2*q - 92 = -o*v - i. List the prime factors of v.
19
Suppose 5 = -5*w + f - 17, -2*f = 5*w + 16. Let q(d) be the second derivative of d**4/12 - d**3/6 - d**2/2 - 2*d. List the prime factors of q(w).
19
Let i(x) be the first derivative of 5*x**2 + 8*x + 15. List the prime factors of i(9).
2, 7
Suppose 2*b = 3*y + 32 - 94, 25 = 5*b. List the prime factors of 97 + -1 - y/(-6).
2, 5
Let k(c) = -c**3 + c**2 + c + 15. Let f(a) = a + 7. Let t be f(-3). Suppose -7 = -3*m + j - 2, 0 = t*m + 3*j + 15. What are the prime factors of k(m)?
3, 5
Suppose -2*q + 4 = 0, 2*q - 74 = -4*n + 5*q. Suppose -m - f = -1 - 3, n = 5*f. Suppose 5*h - 250 = 5*a, 194 = 4*h - m*h + 2*a. List the prime factors of h.
7
Suppose r - 6*r = 0. Suppose 5*g = r, h + 0*h - 5*g = 41. Suppose -3*y + h = -19. What are the prime factors of y?
2, 5
Suppose 5*r = 3*r + 4356. Let i be r/8 - (-3)/(-12). List the prime factors of (i/6)/(8/12).
2, 17
Suppose 128 - 16 = -4*n. Let r = 60 + n. What are the prime factors of r?
2
Let d(x) = 4*x**2 + 5*x + 9. Let q(y) = -5*y**2 - 5*y - 10. Let r be (24/36)/((-1)/(-3)). Let t(h) = r*q(h) + 3*d(h). What are the prime factors of t(-7)?
2, 5, 7
Let g = -4 + 4. Let h(q) = q**2 + 83. List the prime factors of h(g).
83
Let s(q) be the second derivative of -q**3/6 + q**2/2 + 6*q. Let y be s(-3). Let i(k) = k**3 - 3*k**2 + 2*k - 1. What are the prime factors of i(y)?
23
Let y(o) = -o + 2. Let b be y(8). Let d be (-1140)/(-9) - b/(-9). What are the prime factors of (0 - -1)/(7/d)?
2, 3
Suppose -4*f + 2*f - 28 = -4*o, 0 = 4*o + 2*f - 20. Let m be 30 + ((-40)/30)/((-2)/3). What are the prime